 = 10 - -98. Suppose 5*g = -3*i + 3*g + 64, 4*i - 3*g - h = 0. What is the remainder when 329/14*-6*(1 - 2) is divided by i?
21
Suppose -16*p - 162 = -1714. Let c = p + -81. Suppose -l - 13 = -c. What is the remainder when l is divided by 2?
1
Let n(y) = -8*y - 1. Let r be n(2). Suppose 5*z + 321 = 4*d, -d - 165 = -3*d + z. Let w = d + r. What is the remainder when w is divided by 17?
16
Suppose 104 = 3*b + b. Suppose -50*t + 6085 = 92*t - 4565. Calculate the remainder when t is divided by b.
23
Let i = -78 - -81. Let c(o) = -11*o**3 + 4*o**3 - 12*o - 1 - 2 - 11*o**2 + 6*o**i. What is the remainder when c(-10) is divided by 9?
8
Let k(l) = 156*l - 977. What is the remainder when 557 is divided by k(7)?
97
Suppose -19*r - 160 = -18*r. Let b be (-75)/45 + r/(-6). Suppose -3*p - 4*d = -b, -p = -2*d + 3*d - 10. Calculate the remainder when 58 is divided by p.
13
Suppose -4*l - 39 = -3*f - l, -f + 4*l = -1. Let m = -25 + 30. Suppose y = 7 - 4, m*a + y = 298. Calculate the remainder when a is divided by f.
8
Let r = -21 + 27. Suppose 465 = 11*u - r*u. Let a(l) = 2*l**2 + 3*l + 12. Calculate the remainder when u is divided by a(-4).
29
Suppose 22*q + 45*q - 13*q - 58050 = 0. What is the remainder when q is divided by 354?
13
Suppose 66*b - 20 = 70*b. Suppose 0 = 5*h - 0*z - 2*z + 384, 3*h = -3*z - 243. Calculate the remainder when (b + 3)/(4/h) is divided by 14.
11
Suppose 19 = 10*g - 21. What is the remainder when 402 is divided by (54/(-4))/((-2)/g)?
24
What is the remainder when 3*((1 - 4) + 7560/162) is divided by 16?
3
Let b = -15 - -37. Let p(f) be the third derivative of f**5/20 - f**4/6 + 3*f**3/2 + 8*f**2. Calculate the remainder when p(4) is divided by b.
19
Let z = 1488 + -1394. Calculate the remainder when 349 is divided by z.
67
Let b = 10213 + -6749. Calculate the remainder when b is divided by 21.
20
Let b = -428 + 1014. Suppose -13*c = 14 - b. Calculate the remainder when 169 is divided by c.
37
Let t = -21366 - -22097. Calculate the remainder when t is divided by 103.
10
Let q be (-10)/30 - ((-4)/3 + 1). Let y(k) = k**3 + 7*k + 123. What is the remainder when y(q) is divided by 25?
23
Suppose -x - 3 = 0, -2*s = -s - 3*x - 89. Suppose 9*r - s = 5*r. What is the remainder when r is divided by -7*(3 - (-203)/(-49))?
4
Let g(v) = 2*v**2 - 33*v - 55. Let w be g(19). Suppose -w = -5*r + 3*r + 4*a, -5*a + 40 = 5*r. Calculate the remainder when 179 is divided by r.
11
Suppose -b = -z - 5*b + 65, -b - 112 = -2*z. Let g(u) = 4*u**2 - 10*u + 48. Let s be g(6). Let r = s + -117. Calculate the remainder when z is divided by r.
12
Let z = -8100 + 8149. What is the remainder when 6710 is divided by z?
46
Calculate the remainder when 520 is divided by 3/(-9 + 832/92).
37
Suppose 0 = 30*f - 11*f - 3230. Calculate the remainder when 186 is divided by f.
16
Suppose 9 = 3*u - 3. Suppose -4*r - 111 = -5*i, -3*i - 10*r = -5*r - 74. Suppose -28*d = -537 - i. What is the remainder when d is divided by u?
0
What is the remainder when (-2)/(-3) - 1101/(-9) is divided by 0 - 84/(3 - 9)?
11
Let u(t) = -51*t + 2*t**2 - 3*t**2 + 72*t + 13 + 2*t**2. Calculate the remainder when (15/2)/((-6)/(-40)) is divided by u(-21).
11
Let x = 16029 - 15169. What is the remainder when x is divided by 7?
6
Let i = -335 + 338. Suppose 74 = i*n + 4*t, 5*t - 45 - 34 = -3*n. What is the remainder when 268 is divided by n?
16
Suppose 2*x + 89 = 4*z - 147, 0 = 5*z - x - 298. Suppose 0 = 4*f - c - c + 20, 2*c = -f - 15. Calculate the remainder when z is divided by (6/2)/((-1)/f).
18
Let i be 4/32*-6 - 1362/8. Let w = -130 - i. Suppose -t - 2*t + 332 = 2*m, -4*t + 8 = 0. What is the remainder when m is divided by w?
40
Suppose -689 + 81 = -5*l - 2*o, 3*o + 125 = l. What is the remainder when 141 is divided by l?
19
Let d = -56 + 90. Let k(h) = 5*h - 1094*h**2 + 3 + 2*h**3 + 1088*h**2 + 5. Calculate the remainder when k(5) is divided by d.
31
Let r(b) = b**2 + 12*b + 6. Let h(l) = 1. Let x(v) = 14*h(v) - 2*r(v). Let n(m) = -52*m - 44. What is the remainder when n(-4) is divided by x(-10)?
38
Suppose -3*q + 2*w = -441, -46*q - 3*w + 147 = -45*q. Suppose -9*c + 4*c = -180. What is the remainder when q is divided by c?
3
Suppose 0 = -5*t - k + 148, 4*t - 5*k = 2*t + 70. Suppose 2*r = t + 110. What is the remainder when r is divided by (27/20*4)/(((-252)/(-80))/21)?
34
Let d = 30 + -24. Suppose 2*i + b = -0*b + d, 15 = 5*i - 3*b. Suppose q = 5*t + 18, 3*q - 54 = 6*t - 2*t. Calculate the remainder when q is divided by i.
0
Let k be (-1*(0 + 0))/3. Suppose k*r = 2*r - 26. What is the remainder when (-1)/(-6) + 1722/36 is divided by r?
9
Suppose 25 = -5*o, 12*o - 28 = -x + 16*o. What is the remainder when 1*63 - (-3)/(-1) is divided by x?
4
Suppose -o + 169 + 166 = 0. Let h(q) = 22*q**2 + 3252*q - 544. Calculate the remainder when o is divided by h(-148).
47
Let a(j) = -147*j + 74. Calculate the remainder when 841 is divided by a(0).
27
Suppose -150*r + 2044 = -2030 + 150 + 924. Let a(q) = -q**3 - 3*q**2 + 2*q - 2. What is the remainder when a(-6) is divided by r?
14
Let x(u) = 24*u + 118. Let r be x(-5). Calculate the remainder when 132 is divided by -1 - 36/(1*1/r).
61
Let k be 100 - (3 + -4 + 2). Suppose 3*r = 23 - 23. Suppose k = -r*v + 3*v. What is the remainder when 97 is divided by v?
31
Let s = 15757 - 15596. Calculate the remainder when 316 is divided by s.
155
Suppose 0 = w + w + 14. Let p be (0/2)/(1 - (-2 - w)). Suppose p = -o - 3*r + 27, 0 = -5*r - 5. Calculate the remainder when 209 is divided by o.
29
Let m(o) = o**3 + 28*o**2 + 156*o + 12. What is the remainder when 767 is divided by m(-10)?
11
Suppose 0 = 3*m - 2*h - 66, 0*m - 3*h + 33 = m. What is the remainder when 849/1*11/33 is divided by m?
19
Let o = 829 - 694. Calculate the remainder when 69 is divided by (7/(-7) + o)/(0 - -2).
2
Suppose -7*r + 5580 = 2*r. Suppose 4*u - 3*u + r = 4*j, 5*u = j - 3157. Calculate the remainder when ((-2)/(-4))/(5 - (-3156)/u) is divided by 16.
15
Suppose p + 4*j - 48 = 0, 0 = -p + j + 1 + 22. Suppose 2*x = -12 + 54. Calculate the remainder when p is divided by x.
7
Let u(h) = 6*h**3 + 6*h**2 - 17*h - 1. Calculate the remainder when u(3) is divided by 21.
17
Let j be (-3)/(-5) - (-87)/5. Let z = -25 + j. What is the remainder when 2/z + (-695)/(-7) is divided by 17?
14
Suppose 0 = -46*d + 9*d + 24753. Calculate the remainder when d is divided by 35.
4
Let w(n) = n**3 + 0*n + 3*n - 22*n**2 + 520 - 542. Calculate the remainder when w(22) is divided by 18.
8
Let y = 7375 - 5410. Calculate the remainder when y is divided by 123.
120
Suppose 0 = -4*f - 24, 30*f - 35*f = -4*n + 650. What is the remainder when n is divided by 25?
5
Let z = 3457 - 3382. Let k be ((-3)/(-2))/((-3)/(-18)). Let w = 2 + k. What is the remainder when z is divided by w?
9
Let f = 30052 - 28937. Calculate the remainder when f is divided by 369.
8
Let z(a) = -2*a**2 + 11*a + 454. What is the remainder when z(-12) is divided by 28?
6
Suppose 0 = 118*z - 1198 - 1752. What is the remainder when 116 is divided by z?
16
What is the remainder when 4929 is divided by (((-36)/(-10))/(14/(-10)))/(170/(-2380))?
33
Let g(h) = -h**3 + 6*h**2 - 5*h. Let l be g(5). Suppose 5*y + 22 - 87 = l. Calculate the remainder when 21 is divided by y.
8
Calculate the remainder when 232 is divided by -161*12/(672/(-40)) + -9.
20
Let r be ((-36)/10 - 0)/(164/(-410)). Suppose r*o - 416 = o. What is the remainder when o is divided by 11?
8
What is the remainder when 46150 is divided by (18 + -11 + 5)/(((-6)/2)/(-9))?
34
Suppose 3*c - 1922 = 2*i, -c + 4*i = -541 - 113. Suppose -3*f + 2*z = 141 - 521, z + c = 5*f. What is the remainder when f is divided by 34?
26
Suppose -2*h = 9*z - 257, 152 = h - 5*z + 33. Calculate the remainder when 434 is divided by h.
62
Suppose 61*h = -102*h + 26*h + 50553. Calculate the remainder when h is divided by 51.
12
Let m(f) = -4*f**3 + 3*f**2 + 50*f - 8. What is the remainder when 1534 is divided by m(-4)?
94
Let o be 6/27*63/7. Suppose 3*f - 2*f = -o*k + 201, -4*k + 3*f = -387. Suppose -36 = 4*n - 104. What is the remainder when k is divided by n?
14
Suppose 3*x - 5*g = -1927, -4*g = -7 - 1. What is the remainder when 280 is divided by x/(-6)*6*(-1)/(-9)?
67
Let d be 3*(10/24 - 1/(-4)). Let a(y) = 6*y**2 - 2*y - 2. 